 h be m(-8). List the prime factors of ((-2)/4)/(1/(-6))*h.
3, 11
Let k = -101 - -1. What are the prime factors of 88/(-20)*k/2?
2, 5, 11
Let b(s) = s**3 - 7*s**2 - 7*s - 9. Let q be b(8). Let u be (0 - 1) + (-5)/q. Suppose 2*m + 58 = u*t, -48 = -3*t + m + 2*m. List the prime factors of t.
13
Let w = 62 - 1. Let d = w - 22. What are the prime factors of d?
3, 13
Suppose -4*j + 1 = -5*d - 5, -2*d - 12 = -4*j. Suppose 5*a - 2*n = 8, j*a + 3*n = 4*n + 4. Suppose s - 32 - 25 = a. List the prime factors of s.
3, 19
Let v be 535/(-15) - (-2)/(-6). Let k be (v/(-5))/((-15)/(-100)). Suppose i - k + 11 = 0. What are the prime factors of i?
37
Let k(l) = -3*l**2 + 116 - 87 + l**3 - 12*l**2 + 28*l. What are the prime factors of k(13)?
5, 11
Let n = -5 + 15. Suppose 0 = 2*i + 2*u + 8, -i + 5*u - u = -21. Let x = n - i. List the prime factors of x.
3
Let i = -463 - -1542. List the prime factors of i.
13, 83
Suppose 5*h - 820 + 70 = 0. List the prime factors of h.
2, 3, 5
Suppose -3*v + 5 = -1. Suppose -4*c + 86 = -2*i, 11 = v*c - 3*i - 22. What are the prime factors of c?
2, 3
Let f(b) = 3*b**2 - 4*b - 20. Suppose -5*w + 6*w - 5*o = -19, -3*o - 3 = -3*w. List the prime factors of f(w).
2
Suppose -9*n = -14*n + 1050. Let b = n - 150. Let p = b + -26. What are the prime factors of p?
2, 17
Let g(n) = 34*n + 1. Suppose 0 = -3*j + 5*h - 6, 0 = 5*h - 15. Let m be g(j). Suppose -4*b + 2*q = b - m, -5*b = 3*q - 83. What are the prime factors of b?
19
Suppose -3*x - 6*r + 55 = -r, x - 41 = 4*r. Let c be 11/5 + (-1)/5. Suppose -c*k = -5*g - 45, 0 = 3*g + 2*g + x. List the prime factors of k.
2, 5
Let d(g) be the third derivative of g**4/12 + 4*g**3/3 - 8*g**2. Let u be (-38)/(-5) - (-4)/10. What are the prime factors of d(u)?
2, 3
Let d(l) = -l**3 + 4*l**2 + 9*l - 5. Let w be d(6). Suppose -3*s - 9 = -3*g, -2*s + g = -10 + 11. Let j = s - w. List the prime factors of j.
5
Suppose 0 = -52*q + 50*q + 1160. List the prime factors of q.
2, 5, 29
Let k = -61 - -111. Let y = 90 - k. Suppose y = r - 7. What are the prime factors of r?
47
Let l(b) = -b**2 + 5*b - 6. Let q be l(4). Suppose 3*a - 24 = -g, -2*a - 57 = -4*g - a. What are the prime factors of -2 - (-2 - (q + g))?
13
What are the prime factors of (-1)/(11/(-31403)) + 284/1562?
5, 571
Let c be 9/(-21) + (-3 - (-15555)/35). Let m = c + -291. What are the prime factors of m?
2, 3, 5
Let u(i) = i**3 + 5*i**2 + i + 7. Let p be u(-5). Suppose 0 = -2*j + 2*y + p*y - 10, -4*j = -4*y. Let n(s) = -s**2 + 9*s - 9. List the prime factors of n(j).
11
Let h(k) be the third derivative of -6*k**2 + 5/6*k**3 + 0*k - 1/24*k**4 + 1/30*k**5 + 0. List the prime factors of h(-4).
41
Let l = 25 - 25. Suppose l = -t + 24 + 43. List the prime factors of t.
67
Suppose 30*t - 94792 = 50558. List the prime factors of t.
3, 5, 17, 19
Let a be (7 - 4)*(-3)/((-6)/298). Suppose 4*u = 237 + a. What are the prime factors of u?
3, 19
List the prime factors of ((-52117)/52)/1*-2*2.
19, 211
Let t(p) = 155*p - 76. What are the prime factors of t(2)?
2, 3, 13
Suppose 0 = -k + 205 + 1159. What are the prime factors of k?
2, 11, 31
Suppose -u + 2*m + 973 = -m, 0 = 3*u + 3*m - 2919. List the prime factors of u.
7, 139
Let m be (-382)/(-8) - (-4)/16. Let q be (m/30)/(1/10). Suppose -w - 3*w = -q. List the prime factors of w.
2
Let w = 2 + 1. Suppose -w*v = v - 164. What are the prime factors of v?
41
Let o = 394 - -339. List the prime factors of o.
733
Let w be 6/(-1 - 2)*-37. Suppose w = 8*p + 10. What are the prime factors of p?
2
Let u = -215 + 366. What are the prime factors of u?
151
Let v be -5*(51 + (-5 - -3)). Let i = -137 - v. What are the prime factors of i?
2, 3
Suppose 4*a - 17 = p + 3, 2*a = 4*p + 24. Let x be 16/(-6)*(a - 49). Suppose 0 = -3*f - 18 + x. List the prime factors of f.
2, 17
List the prime factors of 1 + ((-1732)/(-5))/(14/35).
3, 17
Let o be -2*((2 + -7 - -3) + 1). What are the prime factors of (-1)/(-6)*o*24?
2
Suppose y - z + 16 = 3*z, -3*z = y - 19. Suppose -2*x + 3*l + 270 = 0, -349 = -3*x - y*l + 90. List the prime factors of x.
3, 47
Let s be 203/2 + (-5)/(-10). Suppose -s = -3*w - 4*f - 14, 0 = 2*f - 8. Let k = w - 18. What are the prime factors of k?
2, 3
Suppose -2*w = 4, w + 1 = -3*s - 1. Let p = s + 56. Suppose 3*g - p = -11. List the prime factors of g.
3, 5
Suppose 0 = 72*v - 62*v - 710. Suppose -u = 3*y - 245, -3*u - 107 - v = -2*y. List the prime factors of y.
83
List the prime factors of (-12)/3 + 4 + (1498 - -4).
2, 751
Suppose 0 = -3*u - 25 - 167. Let x = 23 - u. List the prime factors of x.
3, 29
What are the prime factors of ((-86)/(-4))/(6 - 8295/1386)?
3, 11, 43
Let m be (-3)/(-6)*(-2 - -78). List the prime factors of (-252)/2*(-19)/m.
3, 7
Let x(l) = -8*l + 60. Let c(j) = 4*j - 30. Let o(w) = 5*c(w) + 2*x(w). List the prime factors of o(19).
2, 23
Let j = 2 + -2. Let m be j - -3 - 0/5. Suppose -28 = -4*h - 5*z, -3*h + 2*z - m = -1. List the prime factors of h.
2
Let z(s) = -s + 1. Let l(k) = -k**2 + 14*k - 15. Let v(m) = l(m) + 2*z(m). Let c be 9/(-1)*(-3 - -2). List the prime factors of v(c).
2, 7
Let s be 0 + (-2 - (3 + -7 + 0)). Let v(u) = -u**3 + 3*u**2 + 3. Let r be v(3). Suppose 6 = s*x, 3*b - 36 = -r*x + x. List the prime factors of b.
2, 5
Let v be 7 + 237/(-33) - (-2)/11. Suppose v = 5*q - 239 - 306. What are the prime factors of q?
109
Suppose -158 = -12*m + 202. What are the prime factors of m?
2, 3, 5
Let d(k) = 109*k + 2. Let f be d(8). Suppose -352 = 3*a - f. What are the prime factors of a?
2, 3, 29
Let b be -9*(2 - -9*3/(-9)). Suppose -b*k - 90 = -14*k. List the prime factors of k.
2, 3
Let f be -3 - (4 - 4) - -18. List the prime factors of 1 + -15*(4 - f).
2, 83
Let g = 54 + -36. What are the prime factors of (125/3)/(6/g)?
5
Let i(g) be the third derivative of -g**5/60 - 17*g**4/24 - 3*g**3 - 18*g**2. Suppose 4*d = -d - 75. What are the prime factors of i(d)?
2, 3
Let m be (-6)/4*4/(-2). Suppose 0 = 4*k - m*n - 27, 2*k - 7 = -n + 4. What are the prime factors of k?
2, 3
Suppose h + 24 = 5*h. List the prime factors of 1/6 + 83/h + 2.
2
Suppose 5*d + 5*s - 4590 = 0, -2*d + 2*s - 3*s = -1837. What are the prime factors of d?
919
Suppose -2*q + 116 = -q. Suppose 5*r + 92 = t - 4*t, 0 = -5*t + r - q. List the prime factors of t/(-9)*(-5 + 11).
2
Let j(b) = -b**2 + 9*b - 5. Let l be j(8). List the prime factors of (-1 - -1) + 42/l.
2, 7
Let p(u) = 11*u**2 - 35*u - 11. Let j(c) = 5*c**2 - 18*c - 6. Let b(l) = -9*j(l) + 4*p(l). List the prime factors of b(10).
2, 5, 13
Let c(z) = 6*z + 5. Let d be c(5). List the prime factors of ((-1134)/d)/((-4)/10).
3
Let r = -47 + 23. Let q = r + 14. What are the prime factors of (-176)/q - (-9)/(-15)?
17
Let h(w) = 20*w**3 - 2*w + 1. Let n be h(1). Suppose 0 = 5*x - 5*z + 27 - 2, 0 = 3*x + z - 1. What are the prime factors of -2 - n*(0 + x)?
17
Let r = -24 - -69. Let g = r - 25. What are the prime factors of ((-208)/g)/((-2)/10)?
2, 13
Let j = 23 - 21. What are the prime factors of (j/(-5) - 0)*-85?
2, 17
Suppose 10*a = 11*a - 997. What are the prime factors of a?
997
Let k be 3/(-2 - 196/(-92)). Let s = 29 + 2. Let q = s - k. List the prime factors of q.
2
Let a = -673 + 1056. List the prime factors of a.
383
Suppose -9*r - 1185 + 9177 = 0. Suppose -f = -0*f - 5*l - 200, -5*f = 3*l - r. List the prime factors of f.
2, 3, 5
Suppose 38 = 5*c - 2. What are the prime factors of ((-108)/c)/((-3)/16)?
2, 3
Suppose -49147 = -59*k + 29264. What are the prime factors of k?
3, 443
Suppose 3*r - 4*b - 4551 = -b, 4*b + 16 = 0. What are the prime factors of r?
17, 89
Let u be (4 + 0 + -1)*(0 + 3). List the prime factors of (-143)/(-3) + -3 + 21/u.
47
Suppose 4*g + 8*g - 24 = 0. Suppose -2*j + g*b + 17 + 113 = 0, b + 189 = 3*j. List the prime factors of j.
2, 31
Let p = -233 - -74. Let d = -12 - p. What are the prime factors of d?
3, 7
Let x = -241 - -1099. List the prime factors of x.
2, 3, 11, 13
Let o(l) = -l**3 + 8*l**2 - 6*l - 4. Let q be o(7). Suppose 0 = -q*x + 6*x - 15. Suppose 2 - 16 = 3*v + 4*d, 3*d = -5*v - x. List the prime factors of v.
2
Suppose 0 = 5*u - 2*p + 484, 105 - 402 = 3*u + p. Let z = u + 163. What are the prime factors of z?
5, 13
Let m = 111 - -46. What are the prime factors of 5/1 + m + -2?
2, 5
Let w(m) = m**2 + 21*m + 12. Let g be w(-21